{"id":13563,"date":"2016-04-07T17:08:21","date_gmt":"2016-04-07T16:08:21","guid":{"rendered":"http:\/\/mysterland.resanniv.fr\/?page_id=13563"},"modified":"2016-04-07T17:08:21","modified_gmt":"2016-04-07T16:08:21","slug":"conditions-generales-dutilisation-et-de-reservation","status":"publish","type":"page","link":"https:\/\/resasolution.com\/mysterland\/conditions-generales-dutilisation-et-de-reservation\/","title":{"rendered":"Conditions G\u00e9n\u00e9rales d&rsquo;utilisation et de r\u00e9servation"},"content":{"rendered":"<section class=\"wpb-content-wrapper\"><p>[vc_row][vc_column][vc_column_text]<\/p>\n<h2><\/h2>\n<p>&nbsp;<\/p>\n<p><u>\u00a0<\/u><\/p>\n<p><u>\u00a0<\/u><\/p>\n<p><u>\u00a0<\/u><\/p>\n<h2 style=\"text-align: center;\"><u>CONDITIONS GENERALES<\/u><\/h2>\n<p>&nbsp;<\/p>\n<ol>\n<li>\n<h4>Conditions g\u00e9n\u00e9rales du parc :<\/h4>\n<\/li>\n<\/ol>\n<p>1)\u00a0 Les parents de l\u2019enfant c\u00e9l\u00e9brant l\u2019anniversaire, devront arriver avant leurs invit\u00e9s \u00e0 l\u2019heure indiqu\u00e9e lors de la r\u00e9servation.<\/p>\n<p>2)\u00a0 Il est tr\u00e8s important de ramener la liste des invit\u00e9s compl\u00e9t\u00e9e au pr\u00e9alable\u00a0 (le nom de votre enfant devra y figurer en haut de la liste).<\/p>\n<p>3)\u00a0 Merci de communiquer aux invit\u00e9s, sur les cartons d invitations, l\u2019heure d\u2019arriv\u00e9e et de d\u00e9part qui vous sera indiqu\u00e9e lors de la r\u00e9servation sur la fiche d\u2019acompte car <u>au-del<\/u><u>\u00e0<\/u><u>\u00a0 <\/u><u>des 2h30 pr<\/u><u>\u00e9<\/u><u>vu dans la formule il vous en coutera 5<\/u><u>\u20ac<\/u> <u>par enfant.<\/u><\/p>\n<p>5)\u00a0 Chaque invit\u00e9 devra se pr\u00e9senter \u00e0 l\u2019accueil obligatoirement\u00a0 o\u00f9 nous les dirigerons vers la salle d\u2019anniversaire.<\/p>\n<p>&nbsp;<\/p>\n<p>6)\u00a0 Les parents organisateurs doivent se rendre \u00e0 l\u2019accueil une fois tous les invit\u00e9s arriv\u00e9s afin de\u00a0 finaliser l\u2019anniversaire et de fixer l\u2019heure du g\u00e2teau. (Notre minimum de 8 invit\u00e9s sera encaiss\u00e9 m\u00eame s\u2019il y a moins de 8 enfants).<\/p>\n<p>7)\u00a0 <u>Tout enfant consommant les prestations de l anniversaire (sirop, bonbons, g<\/u><u>\u00e2<\/u><u>teau<\/u><u>\u2026<\/u><u>) devra <\/u><u>\u00ea<\/u><u>tre inscrit sur la liste des invit<\/u><u>\u00e9<\/u><u>s, on appliquera alors le tarif anniversaire de la formule retenue (enfants accompagnateurs, fr<\/u><u>\u00e8<\/u><u>res, s<\/u><u>\u0153<\/u><u>urs<\/u><u>\u00a0\u2026<\/u><u>inclus).<\/u><\/p>\n<p>8)\u00a0 Votre animateur ou animatrice est \u00e0 votre disposition pour vous accompagner dans les prestations anniversaires (<u>les boissons uniquement sont <\/u><u>\u00e0<\/u> <u>volont<\/u><u>\u00e9<\/u> <u>pendant la session de 1h30<\/u>).<\/p>\n<p>10)\u00a0\u00a0 Lorsque l\u2019anniversaire arrive \u00e0 son terme, merci de lib\u00e9rer la salle en vous installant\u00a0\u00a0 l\u2019espace restaurant du parc pour l\u2019heure restante.<\/p>\n<p>11)\u00a0\u00a0 Au bout de cette heure qui correspond \u00e0 l\u2019heure de d\u00e9part indiqu\u00e9e lors de votre r\u00e9servation, nous ferons un appel au micro pour vous aider \u00e0 rassembler les enfants afin qu\u2019ils se rechaussent et se diriger vers la sortie ou les attendront leurs parents.<\/p>\n<p>12)\u00a0\u00a0 <u> Merci de pr<\/u><u>\u00e9<\/u><u>venir les parents venant d<\/u><u>\u00e9<\/u><u>poser ou chercher leur(s) enfant(s) qu<\/u><u>\u2019<\/u><u>ils devront venir seul ou de laisser le ou les enfants qui les accompagnent sous notre surveillance <\/u><u>\u00e0<\/u> <u>l<\/u><u>\u2019<\/u><u>accueil ou de s<\/u><u>\u2019<\/u><u>acquitter d<\/u><u>\u2019<\/u><u>une entr<\/u><u>\u00e9<\/u><u>e parc.<\/u><\/p>\n<p>13)\u00a0\u00a0 Un bac \u00e0 chaussures sera mis \u00e0 votre disposition \u00e0 votre arriv\u00e9e et durant votre temps de pr\u00e9sence dans le parc. Merci de bien vouloir nous le restituer \u00e0 votre d\u00e9part.<\/p>\n<p>&nbsp;<\/p>\n<ol start=\"2\">\n<li>\n<h4>Conditions de r\u00e9servations :<\/h4>\n<\/li>\n<\/ol>\n<p>La r\u00e9servation d\u2019un Anniversaire chez MYSTERLAND\u00a0 implique l\u2019acceptation formelle par le Client des conditions d\u00e9crites dans les pr\u00e9sentes. La r\u00e9servation de l\u2019Anniversaire n\u2019est d\u00e9finitive qu\u2019apr\u00e8s l\u2019acceptation de ces conditions g\u00e9n\u00e9rales de ventes et le paiement d\u2019un acompte.<br \/>\nLes photographies du site <a href=\"http:\/\/mysterland.resanniv.fr\/\">http:\/\/mysterland.resanniv.fr\/<\/a> et des formulaires de r\u00e9servation Anniversaire ne constituent pas un engagement contractuel.<\/p>\n<ol start=\"3\">\n<li>\n<h4>Conditions financi\u00e8res :<\/h4>\n<\/li>\n<\/ol>\n<p>Le solde d\u00fb pour l\u2019anniversaire sera \u00e0 r\u00e9gler le jour de l\u2019Anniversaire par Carte Bancaire, Esp\u00e8ces ou Ch\u00e8ques Vacances. Les ch\u00e8ques ne sont pas accept\u00e9s.<\/p>\n<p>&nbsp;<\/p>\n<ol start=\"4\">\n<li>\n<h4>Annulation :<\/h4>\n<\/li>\n<\/ol>\n<p>L\u2019acompte per\u00e7u sera rembours\u00e9 en cas d\u2019annulation par MYSTERLAND.<br \/>\nEn cas d\u2019annulation par le client l\u2019acompte ne pourra \u00eatre rembours\u00e9.<\/p>\n<p>&nbsp;<\/p>\n<ol start=\"5\">\n<li>\n<h4>Formule et Dur\u00e9e<\/h4>\n<\/li>\n<\/ol>\n<p>Les prix des formules et des options d\u00e9crites sur le site sont exprim\u00e9s en euros par enfant.<br \/>\nLes Anniversaires chez MYSTERLAND ont des dur\u00e9es sp\u00e9cifiques pr\u00e9cis\u00e9es lors du choix du cr\u00e9neau horaire et dans le r\u00e9capitulatif de la r\u00e9servation fourni au client. Ainsi, le client organisateur de l\u2019anniversaire ne peut pas prolonger la prestation apr\u00e8s l\u2019heure de fin pr\u00e9vue dans la r\u00e9servation, m\u00eame s\u2019il est arriv\u00e9 plus tard que l\u2019heure pr\u00e9vue du d\u00e9but de l\u2019Anniversaire.<\/p>\n<p>Le client peut rester chez MYSTERLAND s\u2019il choisit l\u2019option payante \u00ab dur\u00e9e illimit\u00e9e \u00bb, mais la prestation Anniversaire n\u2019est pas prolong\u00e9e.<br \/>\nEn cas de d\u00e9passement horaire de plus de 10 minutes, MYSTERLAND se r\u00e9serve le droit de facturer l\u2019option payante \u00ab dur\u00e9e illimit\u00e9e \u00bb pour les enfants pr\u00e9sents dans le parc au-del\u00e0 de l\u2019heure de fin pr\u00e9vue.<br \/>\nPour les formules FUN et FIESTA, MYSTERLAND pourra \u00eatre amen\u00e9 \u00e0 modifier le choix de l\u2019espace Anniversaire effectu\u00e9 par le Client lors de sa r\u00e9servation. Pour la formule CLASSIC, l\u2019attribution de l\u2019espace Anniversaire est arbitraire et ne peut faire l\u2019objet d\u2019un choix.<\/p>\n<ol start=\"6\">\n<li>\n<h4>Le Go\u00fbter et les aliments<\/h4>\n<\/li>\n<\/ol>\n<p>Le nombre de couverts, les g\u00e2teaux, bonbons et boissons fournis par MYSTERLAND d\u00e9pendent du nombre d\u2019enfants pr\u00e9sents (et non pas du nombre d\u2019adultes). Pour des questions d\u2019hygi\u00e8ne et de s\u00e9curit\u00e9, les aliments et boissons doivent uniquement \u00eatre consomm\u00e9s dans les espaces anniversaires et ne peuvent en aucun cas emport\u00e9s et consomm\u00e9s dans les jeux.<br \/>\nLes consommations apport\u00e9es de l\u2019ext\u00e9rieur ainsi que l\u2019alcool ne sont pas accept\u00e9s en espace Anniversaire, ni dans le parc MYSTERLAND.<br \/>\nEn cas d\u2019allergie, il est imp\u00e9ratif de nous signaler les contraintes au moment de la r\u00e9servation, \u00e0 la fois pour l\u2019enfant qui f\u00eate son anniversaire et pour les invit\u00e9s. La composition des g\u00e2teaux peut \u00eatre obtenue sur simple demande aupr\u00e8s du personnel MYSTERLAND. MYSTERLAND ne saurait \u00eatre tenu responsable d\u2019aucune cons\u00e9quence li\u00e9e \u00e0 une r\u00e9action allergique aux aliments et boissons fournies lors des Anniversaires.<\/p>\n<ol start=\"7\">\n<li>\n<h4>Responsabilit\u00e9s et encadrement des enfants<\/h4>\n<\/li>\n<\/ol>\n<p>L&rsquo;ensemble des enfants d\u00e9pos\u00e9s chez MYSTERLAND dans le cadre d\u2019un Anniversaire sont sous la responsabilit\u00e9 de l\u2019adulte accompagnant et\/ou organisant l\u2019Anniversaire. Les enfants invit\u00e9s ne peuvent pas rentrer dans le parc tant que le ou les adultes organisateurs de l&rsquo;anniversaire ne sont pas arriv\u00e9s.<br \/>\nSi des enfants sont laiss\u00e9s sous la responsabilit\u00e9 de l\u2019adulte encadrant l\u2019Anniversaire mais ne participent pas \u00e0 l\u2019Anniversaire, (fr\u00e8re ou s\u0153ur d\u2019un invit\u00e9 par exemple), ils doivent imp\u00e9rativement \u00eatre signal\u00e9s au moment de l\u2019entr\u00e9e dans le parc. L\u2019adulte encadrant l\u2019anniversaire ou le parent d\u00e9posant l\u2019enfant devra s\u2019acquitter d\u2019un droit d\u2019entr\u00e9e normal pour ces enfants. S\u2019ils ne sont pas signal\u00e9s \u00e0 l\u2019entr\u00e9e comme ne participant pas \u00e0 l\u2019Anniversaire, ils seront automatiquement comptabilis\u00e9s et factur\u00e9s comme ayant particip\u00e9 \u00e0 l\u2019Anniversaire. En cas d\u2019accident, les enfants non signal\u00e9s ne seront en aucun cas couverts par les assurances contract\u00e9es par la soci\u00e9t\u00e9 MYSTERLAND.<\/p>\n<p>Tous les effets personnels des enfants et adultes d\u00e9pos\u00e9s dans les espaces anniversaires sont sous la responsabilit\u00e9 de l\u2019adulte encadrant et\/ou organisant l\u2019anniversaire. Aucun remboursement ne sera fait par MYSTERLAND en cas de perte ou de vol.<\/p>\n<ol start=\"8\">\n<li>\n<h4>R\u00e8glement g\u00e9n\u00e9ral du parc<\/h4>\n<\/li>\n<\/ol>\n<p>Lors de la r\u00e9servation d\u2019un Anniversaire, le Client s\u2019engage \u00e0 respecter le r\u00e8glement g\u00e9n\u00e9ral du parc tel que d\u00e9crit ci-dessous. Ce r\u00e8glement a \u00e9t\u00e9 con\u00e7u afin d&rsquo;assurer la s\u00e9curit\u00e9 de vos enfants et le confort de tous. La Direction de MYSTERLAND se r\u00e9serve le droit d\u2019exclure toutes personnes ne respectant pas ce r\u00e8glement.<\/p>\n<ol start=\"9\">\n<li>Conditions d\u2019acc\u00e8s au Parc:<\/li>\n<\/ol>\n<p>Seuls les enfants accompagn\u00e9s d\u2019un adulte majeur peuvent acc\u00e9der \u00e0 l\u2019int\u00e9rieur du parc. Ils ne doivent en aucun cas rester seuls dans l\u2019aire de jeux. Toute entr\u00e9e d\u2019un adulte non accompagn\u00e9 d\u2019enfant est interdite.<\/p>\n<p>Toute personne entrant dans le parc doit se pr\u00e9senter \u00e0 l\u2019accueil pour son enregistrement. Toute personne \u00e9tant entr\u00e9e dans le parc doit s\u2019acquitter du droit d\u2019entr\u00e9e en fonction des tarifs en vigueur affich\u00e9s.<\/p>\n<p>Tous les enfants de plus de 12 ans ayant acc\u00e9d\u00e9 aux structures de jeux seront \u00e9galement factur\u00e9s. Toute consommation prise \u00e0 la caf\u00e9t\u00e9ria doit \u00eatre r\u00e9gl\u00e9e. Le r\u00e8glement s\u2019effectue \u00e0 la sortie du parc. Toute sortie du parc est d\u00e9finitive.<\/p>\n<p>Il est strictement interdit de fumer ou de vapoter dans l\u2019ensemble de l\u2019\u00e9tablissement. Les animaux sont strictement interdits dans l\u2019enceinte du parc.<\/p>\n<p>En cas de forte affluence, MYSTERLAND peut diff\u00e9rer voire refuser les entr\u00e9es \u00e0 l\u2019aire de jeux, pour des raisons de s\u00e9curit\u00e9 et de bien-\u00eatre de tous.<\/p>\n<p>9.2. Conditions d\u2019utilisation des structures de jeux:<br \/>\nA l\u2019int\u00e9rieur du parc, les enfants restent en permanence sous l\u2019enti\u00e8re responsabilit\u00e9 et surveillance des adultes accompagnateurs.<\/p>\n<p>L\u2019adulte accompagnateur doit s\u2019assurer que les consignes de s\u00e9curit\u00e9 affich\u00e9es sur les jeux ou aux abords des jeux sont bien respect\u00e9es par les enfants. L\u2019\u00e2ge et la capacit\u00e9 indiqu\u00e9s sur chaque structure de jeux doivent \u00eatre respect\u00e9s.<\/p>\n<p>Dans le cas o\u00f9 un enfant se trouverait en difficult\u00e9 \u00e0 l\u2019int\u00e9rieur d\u2019une structure, l\u2019accompagnateur responsable peut intervenir ou pr\u00e9venir l\u2019\u00e9quipe de MYSTERLAND pour une intervention.<\/p>\n<p>Les parents sont pri\u00e9s de veiller au comportement correct de leurs enfants et d\u2018\u00e9viter les violences, bagarres ou tout comportement perturbant le bon fonctionnement du centre.<\/p>\n<p>9.3. Hygi\u00e8ne et S\u00e9curit\u00e9 :<\/p>\n<p>Les consommations apport\u00e9es de l\u2019ext\u00e9rieur ne sont pas accept\u00e9es dans l\u2019enceinte du site, \u00e0 l\u2019exception des bouteilles d\u2019eau et des aliments pour b\u00e9b\u00e9.<\/p>\n<p>&nbsp;<\/p>\n<p>Tout objet pouvant pr\u00e9senter un risque de blessure (V\u00eatement \u00e0 lacets, cordons, capuches, etc&#8230;), ainsi que lunettes, bijoux, pinces \u00e0 cheveux sont interdits \u00e0 l\u2019int\u00e9rieur des structures de jeux. Aucun remboursement ne sera accord\u00e9 en cas de perte d\u2019objet dans les jeux<\/p>\n<p>Toute d\u00e9gradation faite aux jeux ou structures par un enfant ou adulte sera sous l\u2019enti\u00e8re responsabilit\u00e9 de l\u2019adulte accompagnant et pourra amener \u00e0 des poursuites.<\/p>\n<p>MYSTERLAND d\u00e9cline toute responsabilit\u00e9 en cas de vol, de perte ou de d\u00e9t\u00e9rioration d\u2019objets ou d\u2019effets personnels dans l\u2019ensemble de l\u2019\u00e9tablissement.<\/p>\n<p>&nbsp;<\/p>\n<p>&nbsp;<\/p>\n<h1 style=\"text-align: center;\">Mentions l\u00e9gales<\/h1>\n<h4><b>\u00c9diteur web<\/b><\/h4>\n<p>Le pr\u00e9sent site web est d\u00e9velopp\u00e9 par la soci\u00e9t\u00e9 Mysterland (ci-apr\u00e8s la \u00ab Soci\u00e9t\u00e9 \u00bb) :<\/p>\n<p><b>Mysterland,<\/b><\/p>\n<p>SARL au capital de 1 000,00 \u20ac<\/p>\n<p>Si\u00e8ge Social : Zac des Graviers &#8211; 7 all\u00e9e Saint Fiacre &#8211; 91310 MONTLHERY (France)<\/p>\n<p>Responsable de publication : M. Clarck BEAURAIN<\/p>\n<p>Tel : 01 69 80 95 35<\/p>\n<p>SIREN : 514 467 430<\/p>\n<h4><b>Utilisation du Site<\/b><\/h4>\n<p>L&rsquo;acc\u00e8s au Site ainsi que l&rsquo;utilisation de son contenu sont soumis aux Conditions G\u00e9n\u00e9rales d&rsquo;utilisation ci-dessous d\u00e9crites (ci-apr\u00e8s les \u00ab Conditions \u00bb). L&rsquo;acc\u00e8s et la navigation sur le Site constituent de la part de l&rsquo;utilisateur une acceptation sans r\u00e9serve de ces Conditions.<\/p>\n<p>La Soci\u00e9t\u00e9 se r\u00e9serve le droit de revoir p\u00e9riodiquement les Conditions sans notification pr\u00e9alable.<\/p>\n<p>La Soci\u00e9t\u00e9 a fait tout ce qui est en son pouvoir pour s&rsquo;assurer que les informations accessibles par l&rsquo;interm\u00e9diaire du Site sont exactes. Cependant la Soci\u00e9t\u00e9 ne garantit en aucune mani\u00e8re que ces informations soient exactes, compl\u00e8tes et \u00e0 jour.<\/p>\n<p>En aucun cas, la Soci\u00e9t\u00e9 ne pourra \u00eatre tenue pour responsable d&rsquo;un quelconque dommage direct ou indirect, quelle qu&rsquo;en soit la nature, d\u00e9coulant de l&rsquo;utilisation du Site. La Soci\u00e9t\u00e9 d\u00e9cline \u00e9galement toute responsabilit\u00e9 concernant toute interf\u00e9rence, interruption, d\u00e9connexion et tout autre probl\u00e8me de fonctionnement du Site.<\/p>\n<p>L&rsquo;utilisateur du Site garantit pleinement la Soci\u00e9t\u00e9 contre toute revendication ou tout recours de tiers concernant l&rsquo;utilisation du Site faite par cet utilisateur.<\/p>\n<h4><b>Droits de propri\u00e9t\u00e9<\/b><\/h4>\n<p>Le Site et chacun de ses \u00e9l\u00e9ments et notamment textes, informations, images, ic\u00f4nes, photographies, illustrations, multim\u00e9dia (graphique, audio et vid\u00e9o), chartes, rapports, software, HTML code et tout autre mat\u00e9riel sont et demeurent la propri\u00e9t\u00e9 exclusive de la Soci\u00e9t\u00e9, seule habilit\u00e9e \u00e0 exploiter les droits de propri\u00e9t\u00e9 intellectuelle et droits de la personnalit\u00e9 y aff\u00e9rents, notamment marques, logos, noms de domaine, mod\u00e8les, droits d\u2019auteur et droit \u00e0 l\u2019image, \u00e0 titre originaire ou par l\u2019effet d\u2019une autorisation expresse. Toute reproduction ou repr\u00e9sentation, int\u00e9grale ou partielle du Site ou de l\u2019un quelconque de ses \u00e9l\u00e9ments est interdite de m\u00eame que leur alt\u00e9ration, adaptation, diffusion, distribution par tout moyen, publication, exhibition et communication.<\/p>\n<h4><b>Cr\u00e9dits<\/b><\/h4>\n<h5><b>R\u00e9alisation du site Internet<\/b><\/h5>\n<p>Soci\u00e9t\u00e9 Mysterland<\/p>\n<p>7 all\u00e9e Saint Fiacre<\/p>\n<p>91310 MONTLHERY (France)<\/p>\n<p>\u2013 01 69 80 95 35<\/p>\n<p>\u2013 contact@mysterland.fr<\/p>\n<h5><b>H\u00e9bergement<\/b><\/h5>\n<p>One.com<\/p>\n<h4><b>Liens hypertextes<\/b><\/h4>\n<p>La cr\u00e9ation de liens hypertextes vers le Site ne peut \u00eatre faite sans l\u2019autorisation \u00e9crite et pr\u00e9alable de la Soci\u00e9t\u00e9 et pourra \u00eatre r\u00e9voqu\u00e9e \u00e0 tout moment. La Soci\u00e9t\u00e9 d\u00e9cline toute responsabilit\u00e9 concernant le contenu des sites li\u00e9s au Site (si le cas se pr\u00e9sente).<\/p>\n<h4><b>Donn\u00e9es \u00e0 caract\u00e8re personnel<\/b><\/h4>\n<p>Des informations \u00e0 caract\u00e8re personnel vous concernant pourront \u00eatre recueillies par la Soci\u00e9t\u00e9 au cours de l\u2019utilisation du Site.<\/p>\n<p>Deux types d\u2019informations seront collect\u00e9s :<\/p>\n<p>INFORMATIONS \u00c0 CARACT\u00c8RE PERSONNEL PERMETTANT DE VOUS IDENTIFIER (EX : NOM, PR\u00c9NOM, ADRESSE, ADRESSE MAIL, \u2026).<\/p>\n<p>Ces renseignements sont collect\u00e9s sur le Site au moyen de formulaires d\u2019enregistrement, de sondages, de questionnaires, de jeux concours (ci-apr\u00e8s les \u00ab Formulaires \u00bb).<\/p>\n<p>Les informations port\u00e9es sur les formulaires sont obligatoires. Elles font l\u2019objet d\u2019un traitement automatis\u00e9 et sont destin\u00e9es \u00e0 la Soci\u00e9t\u00e9 et \u00e0 ses partenaires. Conform\u00e9ment \u00e0 la Loi Informatique et Libert\u00e9s du 6 janvier 1978, vous disposez aupr\u00e8s de la Soci\u00e9t\u00e9 d&rsquo;un droit d&rsquo;acc\u00e8s, de rectification ou de suppression concernant ces donn\u00e9es personnelles. Vous pouvez exercer ce droit d&rsquo;acc\u00e8s en adressant un mail \u00e0 contact@mysterland.fr.<\/p>\n<h4><b>Informations non personnelles<\/b><\/h4>\n<p>Informations non personnelles (Ex. : Pays, horaires de connections, navigation sur le Site, \u2026) permettant de conna\u00eetre le mode d&rsquo;acc\u00e8s au Site et l&rsquo;usage que vous faites de ce dernier, ainsi que des informations techniques (Ex. : type de navigateur Internet, fournisseur d&rsquo;acc\u00e8s, pages visit\u00e9es, \u2026).<\/p>\n<p>Ces informations non personnelles ne nous permettent pas de vous identifier. Elles sont collect\u00e9es automatiquement lorsque vous acc\u00e9dez au Site et que vous l&rsquo;utilisez, par l&rsquo;interm\u00e9diaire :<\/p>\n<ul>\n<li>de votre adresse IP (Internet Protocol)<\/li>\n<li>de cookies : petits fichiers transf\u00e9r\u00e9s sur le disque dur de votre ordinateur. Ils permettent d&rsquo;optimiser votre navigation sur le Site et facilitent la collecte des renseignements non personnels mentionn\u00e9s ci-dessus. La Soci\u00e9t\u00e9 n&rsquo;utilise pas ces fichiers pour vous identifier personnellement, ou pour vous transmettre des informations. Si vous souhaitez que ces cookies ne soient pas transf\u00e9r\u00e9s sur votre disque dur, ou \u00eatre averti avant qu&rsquo;ils ne le soient, vous avez la possibilit\u00e9 de les neutraliser en configurant votre logiciel de navigation. Dans ce cas il suffit de suivre les indications fournies par votre navigateur \u00e0 ce sujet.<\/li>\n<\/ul>\n<p>La Soci\u00e9t\u00e9 attache le plus grand soin \u00e0 la s\u00e9curisation des informations au moment de la transmission des informations de votre ordinateur \u00e0 ses serveurs. Ces informations sont stock\u00e9es dans le centre d&rsquo;h\u00e9bergement s\u00e9curis\u00e9 mentionn\u00e9 ci-dessus (voir rubrique \u00ab Cr\u00e9dits \u00bb).<\/p>\n<p>&nbsp;<\/p>\n<p>&nbsp;<\/p>\n<h4 style=\"text-align: center;\"><span style=\"text-decoration: underline;\"><strong>Politique de protection des donn\u00e9es \u00e0 caract\u00e8re personnel<\/strong><\/span><\/h4>\n<p>&nbsp;<\/p>\n<p>En accord avec le R\u00e8glement G\u00e9n\u00e9ral sur la Protection des Donn\u00e9es (mis en place \u00e0 partir du 25 mai 2018) et parce que Mysterland attache une importance primordiale \u00e0 l\u2019aspect humain du commerce, nous souhaitons faire preuve de transparence envers nos clients.<\/p>\n<p>&nbsp;<\/p>\n<p><strong>Quelles sont les donn\u00e9es personnelles recueillies par Mysterland?<\/strong> :<\/p>\n<p>&nbsp;<\/p>\n<p>Mysterland ne recueille que les donn\u00e9es n\u00e9cessaires \u00e0 la r\u00e9servation, soit :<\/p>\n<p>_ Les noms et pr\u00e9noms du parent et de l\u2019enfant<\/p>\n<p>_ Une adresse mail et un num\u00e9ro de t\u00e9l\u00e9phone pour vous joindre<\/p>\n<p>_ Votre adresse postale pour la facturation<\/p>\n<p>&nbsp;<\/p>\n<p>Mysterland n\u2019a en aucun cas acc\u00e8s \u00e0 vos informations bancaires.<\/p>\n<p>&nbsp;<\/p>\n<p><strong>Comment sont utilis\u00e9es ces donn\u00e9es personnelles? <\/strong><\/p>\n<p>&nbsp;<\/p>\n<p>Chez Mysterland, nous avons \u00e0 coeur de respecter et prot\u00e9ger les donn\u00e9es personnelles de nos clients. C\u2019est pourquoi seule notre \u00e9quipe y a acc\u00e8s, et ne s\u2019y reporte que pour le traitement des r\u00e9servations.<\/p>\n<p>&nbsp;<\/p>\n<p><strong>Les donn\u00e9es personnelles recueillies par Mysterland sont-elles partag\u00e9es?<\/strong><\/p>\n<p>&nbsp;<\/p>\n<p>Mysterland ne partage vos donn\u00e9es personnelles avec aucun autre organisme, ne les vend pas, et ne d\u00e9voile aucune autre information que vous pourriez nous donner au cours de nos \u00e9changes (telle que votre \u00e2ge, votre profession, vos orientations politiques, philosophiques , etc.).<\/p>\n<p>&nbsp;<\/p>\n<p><strong>Combien de temps sont conserv\u00e9es vos donn\u00e9es? <\/strong><\/p>\n<p>&nbsp;<\/p>\n<p>En accord avec l\u2019article L123-22 du Code de la Consommation et afin de pouvoir r\u00e9pondre \u00e0 tout contr\u00f4le comptable, Mysterland conserve les donn\u00e9es relatives aux r\u00e9servations pour une dur\u00e9e de 2 ans. Pour rappel, nous n\u2019avons pas acc\u00e8s et ne conservons donc pas vos coordonn\u00e9es bancaires.<\/p>\n<p>&nbsp;<\/p>\n<p><strong>Est-il possible de demander la suppression de vos donn\u00e9es?<\/strong><\/p>\n<p>&nbsp;<\/p>\n<p>Comme le pr\u00e9voit la loi, vous disposez d\u2019un droit de regard, de modification et de suppression de vos donn\u00e9es personnelles. Vous pouvez adresser toutes vos demandes pour la modification ou suppression de vos donn\u00e9es personnelles de notre syst\u00e8me \u00e0 :<\/p>\n<p>&nbsp;<\/p>\n<p>Mysterland<\/p>\n<p>7 All\u00e9e Saint Fiacre<\/p>\n<p>91310 Monthlery<\/p>\n<p>&nbsp;<\/p>\n<p><strong>Pour r\u00e9sumer, <\/strong><\/p>\n<p><strong>lorsque vous transmettez vos donn\u00e9es personnelles sur notre site : <\/strong><\/p>\n<p>&nbsp;<\/p>\n<p>Les informations recueillies sur ce formulaire sont enregistr\u00e9es dans un fichier informatis\u00e9 par Monsieur <strong>Philippe Baby-Marinpouy<\/strong>, notre responsable du traitement des donn\u00e9es, et utilis\u00e9 pour le <strong>traitement des r\u00e9servations<\/strong>.<\/p>\n<p>Elles sont conserv\u00e9es pendant <strong>2 ans<\/strong> et sont destin\u00e9es \u00e0 <strong>Mysterland.<\/strong> Conform\u00e9ment \u00e0 la <a href=\"https:\/\/www.cnil.fr\/fr\/loi-78-17-du-6-janvier-1978-modifiee\">loi \u00ab informatique et libert\u00e9s \u00bb<\/a>, vous pouvez exercer votre droit d&rsquo;acc\u00e8s aux donn\u00e9es vous concernant et les faire rectifier en contactant : Mysterland, 7 All\u00e9e saint Fiacre 91310 Monthlery.<\/p>\n<p>&nbsp;<\/p>\n<h4><\/h4>\n<h4><\/h4>\n<h4><b>Juridiction et droit applicable<\/b><\/h4>\n<p>Les pr\u00e9sentes Conditions sont r\u00e9gies par le droit fran\u00e7ais, \u00e0 l&rsquo;exclusion de ses r\u00e8gles de conflits de lois. Les juridictions fran\u00e7aises sont territorialement comp\u00e9tentes pour conna\u00eetre tout litige aff\u00e9rent \u00e0 l&rsquo;utilisation du Site.[\/vc_column_text][\/vc_column][\/vc_row]<\/p>\n<\/section>","protected":false},"excerpt":{"rendered":"<p>[vc_row][vc_column][vc_column_text] &nbsp; \u00a0 \u00a0 \u00a0 CONDITIONS GENERALES &nbsp; Conditions g\u00e9n\u00e9rales du parc : 1)\u00a0 Les parents de l\u2019enfant c\u00e9l\u00e9brant l\u2019anniversaire, devront arriver avant leurs invit\u00e9s \u00e0 l\u2019heure indiqu\u00e9e lors de<\/p>\n","protected":false},"author":1,"featured_media":0,"parent":0,"menu_order":0,"comment_status":"closed","ping_status":"closed","template":"","meta":{"_themeisle_gutenberg_block_has_review":false,"footnotes":""},"class_list":["post-13563","page","type-page","status-publish","hentry"],"_links":{"self":[{"href":"https:\/\/resasolution.com\/mysterland\/wp-json\/wp\/v2\/pages\/13563","targetHints":{"allow":["GET"]}}],"collection":[{"href":"https:\/\/resasolution.com\/mysterland\/wp-json\/wp\/v2\/pages"}],"about":[{"href":"https:\/\/resasolution.com\/mysterland\/wp-json\/wp\/v2\/types\/page"}],"author":[{"embeddable":true,"href":"https:\/\/resasolution.com\/mysterland\/wp-json\/wp\/v2\/users\/1"}],"replies":[{"embeddable":true,"href":"https:\/\/resasolution.com\/mysterland\/wp-json\/wp\/v2\/comments?post=13563"}],"version-history":[{"count":0,"href":"https:\/\/resasolution.com\/mysterland\/wp-json\/wp\/v2\/pages\/13563\/revisions"}],"wp:attachment":[{"href":"https:\/\/resasolution.com\/mysterland\/wp-json\/wp\/v2\/media?parent=13563"}],"curies":[{"name":"wp","href":"https:\/\/api.w.org\/{rel}","templated":true}]}}